?
7
Evaluate 6 + -14 + (9 - 25) + 4 + -1.
-21
Evaluate 1 + (-6 - -7) + 4 + -2.
4
Calculate (1 - -3) + (22 - 10) - (-3 - -10).
9
Calculate 26 + 26 + -6 + -23.
23
Evaluate -6 + (-1 + 7 - 13 - (9 - 21)).
-1
Evaluate (-9 - -8 - 6) + 6.
-1
What is 0 + -13 + 2 + (30 - 17 - 10)?
-8
What is the value of -21 - 0 - (-38 - -8)?
9
Calculate (-11 - -17) + (-94 - -112).
24
What is 2 + (-16 - (6 + -13 + -4))?
-3
Evaluate (13 - -3) + (-12 - (-4 - -4)).
4
Evaluate 7 - (29 - (19 - 6)).
-9
What is the value of -1 + 11 - (0 + -3 + 1)?
12
What is the value of 40 + -51 - ((0 - 7) + -2) - 7?
-9
What is -7 - 0 - (-5 + (-25 - -17))?
6
What is the value of (16 - 12) + 3 + (-3 - (-3 + 21))?
-14
What is 2 + -17 - (-2 + -2 + -9 + 9)?
-11
Calculate -23 + (19 - 5) - -16.
7
What is 3 - (-39 + 48 - (-7 + 5 - -5))?
-3
Calculate (4 - -1 - 21) + (-3 - -5).
-14
What is the value of -2 - (0 - 7) - (-6 + 5)?
6
Evaluate 7 + -1 - (2 + 3 + -3) - -5.
9
-7 + -1 + (1 - 8)
-15
What is (-23 - -20) + (-6 - (-33 + -5) - -1)?
30
What is 7 + -1 - (7 + 0 - 14)?
13
What is the value of 1 + -5 + 3 + 1 + (37 - 39)?
-2
What is the value of (0 - (1 + -7)) + (-121 - -108) + 24?
17
What is (0 - 6) + -142 + 129 - -2?
-17
-2 + (-3 + 6 - -3) + -9 + 5
0
-2 - (2 - 3) - (-5 + 10 + -20)
14
0 - -6 - (26 - (-36 - -64))
8
Calculate -2957 - -2961 - (1 - (-1 - 0 - -16)).
18
(4 + -9 - 17) + 2 - (-2 - -13)
-31
Evaluate (-11 - (5 + -18)) + 12.
14
What is 23 - 46 - -34 - 17 - (0 + -1)?
-5
What is the value of (15 - -6) + -34 + -25?
-38
What is (-2 - -4) + (-30 - -35)?
7
What is -4 + (-8 - (2 - 1 - 15))?
2
Calculate -1 - (10 - ((22 - 22) + (2 - -1))).
-8
Evaluate 3 - (-1 - -1) - (-41 + 72 - 17).
-11
What is (-2 - 1) + -3 + (14 - (12 + -5))?
1
Evaluate (21 - -3) + -26 + 14.
12
What is 2 + -2 + (7 - -2) + -11 + -13?
-15
Evaluate 2 - ((-7 - (15 - 35)) + -15).
4
What is the value of (6 - (24 - 7)) + -1?
-12
7 + -2 + -4 - (3 + 2)
-4
-51 - (40 + -3 - 56)
-32
What is -25 - (-62 + 14 - -26)?
-3
What is the value of 2 - -3 - ((-4 - (-1 - 0)) + 2)?
6
What is the value of (34 - (13 - -3)) + (1 - -3)?
22
Calculate 2 - -14 - (22 - (-4 + 20)) - -5.
15
Evaluate -31 - (8 + -19 + 13).
-33
Evaluate -20 - (20 - 20 - 42).
22
Calculate -5 + 18 + -4 + (-1 + 4 - -5).
17
Calculate 12 + -20 - (-1 + -5 - 4).
2
Calculate 24 + 58 + -68 + (9 - -1).
24
-9 + (-11 - -2) - -2
-16
Evaluate -2 + 15 + -22 - 9 - (0 - 0).
-18
What is (2 - (1 - -22)) + 40 + (1 - -7)?
27
Calculate 6 - 12 - (-18 + 4 + -4).
12
Calculate 2 + (-1 - (-6 - -6 - 5)) + 9.
15
Calculate (228 - 226 - (2 + (-2 - -9))) + -2.
-9
12 - (36 + -20 - 16)
12
Evaluate 15 + -1 + -11 + 17.
20
Calculate 13 - (27 + -3 - -1).
-12
What is (-9 - 3) + 25 + 3?
16
Calculate 10 + 8 + 1 + -9.
10
What is the value of 93 - 91 - (0 + 0)?
2
What is the value of 34 + (-11 - 12) + -14?
-3
-7 - (-7 - ((-2 - 3) + -12))
-17
What is -13 - (-28 - (-24 - -1)) - (-1 - 2)?
-5
Evaluate -3 + 6 - (-5 + (25 - 5) + -5).
-7
What is -44 + (0 - -3 - (-4 + 8 + -10))?
-35
(27 - (-32 + 29)) + -39
-9
-7 - (-4 - (-8 + 1 - 0))
-10
What is the value of (30 - 7) + (-1 - 7 - (11 + -16))?
20
What is the value of -16 - (-32 - 35 - -41)?
10
Evaluate (45 - 124 - -78) + (17 - 0).
16
Calculate (-7 - 1) + (-13 - -27).
6
Calculate 5 + 8 + -24 + (-6 - -6) + -19.
-30
Evaluate 2 + -3 + 2 - -1 - -3.
5
Evaluate -2 + 1 + (-4 - -2 - (-1 - -10)).
-12
-2 - 3 - (4 - (-1 - 8))
-18
6 - -9 - (-30 - -36)
9
Calculate 7 - (3 + 24 + -9 + -8).
-3
(40 - (41 + -8)) + -9 + 0
-2
3 + -1 + (-31 - -26)
-3
What is the value of 96 + -95 + 3 + (9 - 5) + -2?
6
Calculate 5 + 8 + -17 - (5 + -2).
-7
Calculate (0 - 9 - (-1 + -1)) + (231 - 208).
16
What is (-22 - 0) + -14 - -21?
-15
19 + (7 - 31) - (0 - -1)
-6
Calculate -22 + (-22 + -6 - -63).
13
Calculate -1 - -14 - (14 + -9 + -5).
13
Evaluate 3 + -7 + -5 + -7 + 33.
17
Calculate (3 - -4) + 4 + (-46 + 24 - -4).
-7
Evaluate (-13 - (5 + 8)) + 19.
-7
9 - (2 + -13 + 8)
12
Evaluate -25 - -36 - 19 - -16.
8
What is 0 + 7 + 0 - (5 - 4)?
6
Calculate 0 + 17 + -5 + -5.
7
(2 - -6) + (63 - 56)
15
Calculate -9 + (-6 - -5) + -4 + 15 + -1.
0
0 + -1 + (-23 + 11 - -7)
-6
Calculate -6 - (9 - 0 - 11 - 10).
6
Calculate (5 - (-8 - 3)) + (-5 - -1) - -3.
15
What is -37 + 38 + -9 + 18?
10
Calculate 17 + -8 + (-20 - 0).
-11
What is 3 - 0 - -2 - (6 - -10)?
-11
Calculate -16 + 12 - (1 - -4) - 14.
-23
6 + (9 - -3 - 13)
5
Calculate 6 + (-16 - -9) - (3 + -5 + 3).
-2
What is the value of 9 + (11 - -20) - 14 - 14?
12
(-3 - -10) + (-11 - ((-8 - 1) + 20))
-15
Calculate 3 + (11 + -10 + 2 - 7).
-1
What is the value of 11 + (-8 - 10) + 5 + -5?
-7
Evaluate (10 - 0) + -243 + 222 + (-14 - 2).
-27
What is 0 - -5 - (8 + -23 + 13)?
7
Calculate -8 + 10 + -1 - 1.
0
Calculate 3 + 1 + ((-6 - 1) + 6 - -3).
6
Calculate -9 - (-2 + (7 - -2) - (7 - -3)).
-6
Calculate -4 - (12 + -2 + -1 + -12).
-1
-27 + 33 + 2 + 3 + (69 - 46)
34
What is the value of -7 + -2 + -4 - -16 - (1 + 32)?
-30
What is 15 + (-8 + 1 - 2) + -3?
3
Calculate (9 + -21 - -33) + -22 - (-8 - -2).
5
Calculate -2 + 4 - 7 - (14 - (25 - 21)).
-15
Evaluate -7 - (-1 + -14 + (28 - 31)).
11
Calculate -11 + -3 + 11 - -8.
5
What is -35 - ((-30 - -12) + 8)?
-25
4 + 19 + 3 + -47
-21
Evaluate (-9 - -1) + (-2 - (14 - 22)).
-2
What is the value of 1 - (21 + (-12 - -12) + 2)?
-22
What is the value of (-13 - ((-35 - -13) + 10)) + -2 + 0?
-3
What is the value of (0 - 11) + 926 + -917?
-2
What is the value of 1 - (5 + -14 + 8)?
2
Calculate (11 + -30 - -15) + 9.
5
-14 - -46 - 26 - (2 - -2 - -3)
-1
6 - ((3 - (-5 + 15)) + 2 + -5)
16
Evaluate -43 + 31 + 14 + (-15 - -1).
-12
What is 7 + 0 - -9 - 28?
-12
What is 4 + (-9 - -15 - (3 - 1)) + -2?
6
Evaluate -1 - 23 - ((2 - -21) + -25 + 0).
-22
What is the value of -7 + 9 + -23 + (2 - -2) + 7?
-10
What is the value of -14 - (-22 + 18 + 1 + -8)?
-3
(-23 - 2) + (-238 - -245)
-18
What is (7 - 0) + (38 - 44) + 15?
16
Calculate -2 + (1 - (11 - 3)).
-9
What is 16 - (-8 - (-26 + 2))?
0
Calculate 2 - (29 + -39 + (11 - 2)).
3
Calculate -10 + 15 + (-13 - 4) + 25.
13
What is (2 - -4) + (38 - 39) + -2 + 24?
27
Calculate -16 - (2 - (8 - -12 - 9)).
-7
Calculate -1 + 2 + (4 - (-8 + 15) - -8).
6
Calculate 40 + -86 + -1 + 9 + 1.
-37
What is (-2 - ((10 - -5) + -9)) + 1 - -10?
3
Evaluate -15 - (-6 - 2 - (-11 - -4)).
-14
What is the value of 5 + -8 + -6 + 3 - -4?
-2
12 + 4 + (1 - 1 - (10 - 6))
12
What is the value of -7 + 3 - -1 - (-49 + 53)?
-7
Calculate -6 + (-6 - -19) + -19 + (1 - 0).
-11
Evaluate -3 - ((3 - 2) + 7 + -7).
-4
Evaluate -4 + (-14 - (-32 + 4)).
10
-31 + (-3 - -38 - 18)
-14
What is the value of -4 - (1 + -4 + -3 + (-2 - -4))?
0
What is 0 + -31 + 14 + 18 + (-1 - 7)?
-7
-32 - -29 - (-8 - 0) - 1
4
Evaluate -5 + (-8 - -2) - (9 - (1 - -1)).
-18
(18 - 15 - 0) + 5
8
What is -44 + (63 - 34) - 3?
-18
(5 - (6 + -7 + -1)) + 6
13
-11 - (-11 + -10 + 29)
-19
What is the value of (-3 - -32) + (-13 - -17) + -10?
23
Calculate 51 - (33 + 2 + 3).
13
(257 - 234) + (-5 - 2)
16
4 + 5 + 8 + 9
26
What is 8 - (15 + (-5 - 7))?
5
Evaluate 1 - 2 - (11 - (39 + -22)).
5
Calculate -10 + (16 - 16 - 15).
-25
What is the value of 14 + -11 + (-2 - (-5 + 10))?
-4
Calculate -5 + -8 + 8 + 3 + (-1 - -5).
2
What is the value of 4 - (-14 - (-32 + 16 + 4))?
6
Evaluate (18 - (24 + -10)) + 0.
4
Calculate (0 - -5) + 7 + 6 + -16.
2
Evaluate 20 + (-6 + 10 - 32).
-8
What is (20 - (-6 + 31)) + (0 - -1) + -8?
-12
Evaluate -3 + ((-3 - -14) + -2 - -2).
8
Calculate 21 + 5 + -6 + -21.
-1
What is -1 + (1 - -1) + 12?
13
What is 7 + -13 + 7 + 10 + -24?
-13
Evaluate 2 + 2 + -1 + -2 + (142 - 135).
8
Evaluate (-4 - 1) + 7 + -22 + 4.
-16
Evaluate -18 - (-7 + (26 - 9 - 1)).
-27
Calculate (-7 - -33) + -12 + -10.
4
-13 + (-3 - -11) + 17
12
Calculate 23 + -31 + -4 + -11.
-23
Calculate 5 - (-5 - (26 - 25 - (1 + 3))).
7
-11 + 0 + 18 + 3 + -4
6
What is 2 - 0 - (-1450 - -1470)?
-18
Calculate (-3 + (1 - -6 - 11) - -13) + 7.
13
What is the value of -21 - 0 - (97 + -119)?
1
Evaluate 6 + -2 + -13 + 30 + -11 + -5.
5
Evaluate 52 + -41 - (7 + -1).
5
What is the value of 0 + 2 - (-13 + 17 + 2 - 13)?
9
Calculate 1 + -6 + 8 + -21 - (-7 + 5).
-16
What is the value of -1 - (21 + -9) - 8?
-21
7 + 0 - (-10 - (7 + -19 + 2))
7
-22 - (11 - 17 - 2)
-14
Calculate -1 + (-2 + 31 - 40).
-12
-9 + 11 + 9 + (-3 - 24)
-16
What is the value of 30 + -32 - (-2 + 4) - 2?
-6
(-17 - 1) + 57 + -